{"id":1682,"date":"2025-12-15T16:39:50","date_gmt":"2025-12-15T15:39:50","guid":{"rendered":"https:\/\/cantine-gamelle.fr\/balma\/?post_type=product&#038;p=1682"},"modified":"2025-12-15T16:53:06","modified_gmt":"2025-12-15T15:53:06","slug":"boisson-chaude-%e2%98%95%ef%b8%8f-1-patisserie-%f0%9f%8d%aa","status":"publish","type":"product","link":"https:\/\/cantine-gamelle.fr\/balma\/boutique\/petit-dejeuner\/boisson-chaude-%e2%98%95%ef%b8%8f-1-patisserie-%f0%9f%8d%aa\/","title":{"rendered":"Boisson chaude \u2615\ufe0f + 1 P\u00e2tisserie \ud83c\udf6a"},"content":{"rendered":"<p>Boisson chaude au choix : Caf\u00e9 ou Th\u00e9<\/p>\n<p>+ P\u00e2tisserie \u00e0 choisir : Cookie 3 chocolats, flan p\u00e2tissier, p\u00e2tisserie du moment.<\/p>\n<p>A pr\u00e9ciser en commentaire ou \u00e0 choisir sur place directement \ud83d\ude00<\/p>\n<p>&nbsp;<\/p>\n","protected":false},"excerpt":{"rendered":"<p>Boisson chaude au choix : Caf\u00e9 ou Th\u00e9 + P\u00e2tisserie \u00e0 choisir : Cookie 3 chocolats, flan p\u00e2tissier, p\u00e2tisserie du moment.<\/p>\n<p>A pr\u00e9ciser en commentaire ou \u00e0 choisir sur place directement \ud83d\ude00<\/p>\n<p>&nbsp;<\/p>\n","protected":false},"featured_media":0,"template":"","meta":{"_acf_changed":false},"product_brand":[],"product_cat":[32],"product_tag":[],"class_list":{"0":"post-1682","1":"product","2":"type-product","3":"status-publish","5":"product_cat-petit-dejeuner","7":"first","8":"instock","9":"taxable","10":"shipping-taxable","11":"purchasable","12":"product-type-simple"},"composite_virtual":false,"composite_layout":"","composite_add_to_cart_form_location":"","composite_editable_in_cart":false,"composite_sold_individually_context":"","composite_shop_price_calc":"","composite_components":[],"composite_scenarios":[],"exclude_global_add_ons":[],"addons":[],"acf":[],"_links":{"self":[{"href":"https:\/\/cantine-gamelle.fr\/balma\/wp-json\/wp\/v2\/product\/1682","targetHints":{"allow":["GET"]}}],"collection":[{"href":"https:\/\/cantine-gamelle.fr\/balma\/wp-json\/wp\/v2\/product"}],"about":[{"href":"https:\/\/cantine-gamelle.fr\/balma\/wp-json\/wp\/v2\/types\/product"}],"wp:attachment":[{"href":"https:\/\/cantine-gamelle.fr\/balma\/wp-json\/wp\/v2\/media?parent=1682"}],"wp:term":[{"taxonomy":"product_brand","embeddable":true,"href":"https:\/\/cantine-gamelle.fr\/balma\/wp-json\/wp\/v2\/product_brand?post=1682"},{"taxonomy":"product_cat","embeddable":true,"href":"https:\/\/cantine-gamelle.fr\/balma\/wp-json\/wp\/v2\/product_cat?post=1682"},{"taxonomy":"product_tag","embeddable":true,"href":"https:\/\/cantine-gamelle.fr\/balma\/wp-json\/wp\/v2\/product_tag?post=1682"}],"curies":[{"name":"wp","href":"https:\/\/api.w.org\/{rel}","templated":true}]}}