{"id":262,"date":"2025-03-31T21:20:49","date_gmt":"2025-03-31T19:20:49","guid":{"rendered":"https:\/\/cantine-gamelle.fr\/balma\/?post_type=product&#038;p=262"},"modified":"2026-01-29T12:57:34","modified_gmt":"2026-01-29T11:57:34","slug":"salade-gersoise","status":"publish","type":"product","link":"https:\/\/cantine-gamelle.fr\/balma\/boutique\/salades\/salade-gersoise\/","title":{"rendered":"Salade Gersoise"},"content":{"rendered":"<p>La salade gersoise est compos\u00e9e de mesclun, tomates olives, magret de canard s\u00e9ch\u00e9, g\u00e9siers de volaille confits d\u00e9glac\u00e9s au vinaigre balsamique, ma\u00efs, cro\u00fbtons de pain \u00e0 l\u2019ail, \u0153ufs durs.<\/p>\n","protected":false},"excerpt":{"rendered":"<p>La salade gersoise est compos\u00e9e de mesclun, tomates olives, magret de canard s\u00e9ch\u00e9, g\u00e9siers de volaille confits d\u00e9glac\u00e9s au vinaigre balsamique, ma\u00efs, cro\u00fbtons de pain \u00e0 l\u2019ail, \u0153ufs durs.<\/p>\n","protected":false},"featured_media":450,"template":"","meta":{"_acf_changed":false},"product_brand":[],"product_cat":[23],"product_tag":[],"class_list":{"0":"post-262","1":"product","2":"type-product","3":"status-publish","4":"has-post-thumbnail","6":"product_cat-salades","8":"first","9":"instock","10":"taxable","11":"shipping-taxable","12":"purchasable","13":"product-type-simple"},"composite_virtual":false,"composite_layout":"","composite_add_to_cart_form_location":"","composite_editable_in_cart":false,"composite_sold_individually_context":"","composite_shop_price_calc":"","composite_components":[],"composite_scenarios":[],"exclude_global_add_ons":[],"addons":[],"acf":[],"_links":{"self":[{"href":"https:\/\/cantine-gamelle.fr\/balma\/wp-json\/wp\/v2\/product\/262","targetHints":{"allow":["GET"]}}],"collection":[{"href":"https:\/\/cantine-gamelle.fr\/balma\/wp-json\/wp\/v2\/product"}],"about":[{"href":"https:\/\/cantine-gamelle.fr\/balma\/wp-json\/wp\/v2\/types\/product"}],"wp:featuredmedia":[{"embeddable":true,"href":"https:\/\/cantine-gamelle.fr\/balma\/wp-json\/wp\/v2\/media\/450"}],"wp:attachment":[{"href":"https:\/\/cantine-gamelle.fr\/balma\/wp-json\/wp\/v2\/media?parent=262"}],"wp:term":[{"taxonomy":"product_brand","embeddable":true,"href":"https:\/\/cantine-gamelle.fr\/balma\/wp-json\/wp\/v2\/product_brand?post=262"},{"taxonomy":"product_cat","embeddable":true,"href":"https:\/\/cantine-gamelle.fr\/balma\/wp-json\/wp\/v2\/product_cat?post=262"},{"taxonomy":"product_tag","embeddable":true,"href":"https:\/\/cantine-gamelle.fr\/balma\/wp-json\/wp\/v2\/product_tag?post=262"}],"curies":[{"name":"wp","href":"https:\/\/api.w.org\/{rel}","templated":true}]}}